 (base 13) to base 15
-2b3
Convert -96 (base 12) to base 11.
-a4
-1746 (base 9) to base 7
-3621
Convert -56454 (base 7) to base 6.
-150110
Convert 6117 (base 10) to base 6.
44153
11000 (base 6) to base 4
113220
What is 110241 (base 5) in base 12?
2265
26d (base 14) to base 7
1266
Convert 16883 (base 9) to base 2.
10110110001010
Convert 764b (base 15) to base 13.
b528
What is 32160 (base 7) in base 12?
4750
What is -99 (base 15) in base 11?
-121
Convert -120 (base 8) to base 15.
-55
Convert 1011100011 (base 2) to base 12.
517
-41335 (base 6) to base 8
-12633
202220 (base 3) to base 6
2340
Convert -1101021 (base 3) to base 14.
-51c
Convert 1020210021 (base 3) to base 2.
110000000110111
517 (base 11) to base 15
2b8
Convert -728b (base 12) to base 6.
-133455
Convert -1420 (base 13) to base 16.
-b53
What is -1204 (base 11) in base 7?
-4412
-131232 (base 4) to base 3
-2121110
Convert 45664 (base 7) to base 4.
2312023
-193 (base 14) to base 11
-276
790 (base 10) to base 9
1067
-111000001111 (base 2) to base 9
-4838
Convert -3101021 (base 4) to base 11.
-a069
Convert -22324 (base 6) to base 7.
-12115
Convert -10310021 (base 4) to base 3.
-1000001102
What is 336 (base 11) in base 5?
3102
Convert 2124 (base 6) to base 12.
344
-4566 (base 11) to base 13
-2968
What is 11007 (base 8) in base 13?
2140
What is -11101111011 (base 2) in base 5?
-30130
-142103 (base 7) to base 4
-12220031
Convert -7343 (base 12) to base 16.
-3123
What is -4fa (base 16) in base 10?
-1274
Convert 101001112 (base 3) to base 6.
53535
-786 (base 12) to base 13
-675
What is bd9b (base 16) in base 2?
1011110110011011
What is 10121120 (base 4) in base 6?
215212
What is 4200 (base 6) in base 3?
1021200
-16351 (base 9) to base 7
-44503
2a674 (base 12) to base 11
40947
147a (base 13) to base 9
4064
Convert -1920 (base 14) to base 7.
-16140
-2673 (base 10) to base 16
-a71
-604 (base 11) to base 15
-33a
-1100000100000 (base 2) to base 5
-144201
Convert 501 (base 10) to base 4.
13311
cbd9 (base 16) to base 3
2122120210
2300323 (base 4) to base 7
45004
What is -4760 (base 9) in base 6?
-24213
What is -13314 (base 9) in base 11?
-6846
What is -154441 (base 6) in base 3?
-202222021
-3363 (base 7) to base 16
-4c5
-2934 (base 11) to base 4
-323030
-220012 (base 4) to base 14
-d14
Convert 2042 (base 7) to base 16.
2cc
Convert 13042 (base 7) to base 2.
110110000100
What is 1316 (base 8) in base 5?
10333
Convert -11428 (base 10) to base 15.
-35bd
What is -3036 (base 9) in base 4?
-202230
Convert 1010110101100 (base 2) to base 5.
134143
What is -10000100 (base 2) in base 3?
-11220
What is b27 (base 14) in base 11?
1712
What is 5187 (base 13) in base 3?
120110020
What is 2222210 (base 3) in base 10?
2181
-8 (base 9) to base 2
-1000
What is -6799 (base 13) in base 9?
-21781
Convert 1 (base 15) to base 5.
1
Convert 1021111 (base 3) to base 12.
657
Convert -2338 (base 10) to base 9.
-3177
13011223 (base 4) to base 14
a81d
Convert -1146 (base 12) to base 2.
-11110000110
1403 (base 7) to base 8
1036
Convert 110120 (base 3) to base 7.
663
-1861 (base 13) to base 5
-104003
Convert -2212033 (base 4) to base 10.
-10639
3156 (base 8) to base 6
11342
What is -12133 (base 4) in base 13?
-25c
What is -10214 (base 7) in base 8?
-4716
What is -1ba (base 14) in base 6?
-1400
5646 (base 8) to base 9
4073
What is 430 (base 11) in base 15?
247
What is 3104 (base 5) in base 3?
112222
Convert 3986 (base 16) to base 4.
3212012
-40131 (base 5) to base 16
-9ed
What is -305 (base 16) in base 5?
-11043
What is -12375 (base 9) in base 16?
-208a
701 (base 12) to base 3
1101101
a74 (base 12) to base 11
116a
What is -5023 (base 6) in base 8?
-2107
400c (base 14) to base 16
2aec
Convert 114b (base 15) to base 12.
215b
What is -582 (base 13) in base 15?
-436
What is 18341 (base 10) in base 15?
567b
Convert 10011100001 (base 2) to base 6.
5441
Convert -264d (base 15) to base 2.
-1111111101101
What is -20100 (base 3) in base 7?
-333
Convert -3102 (base 5) to base 2.
-110010010
Convert 867b (base 13) to base 12.
a998
What is 104573 (base 8) in base 9?
53245
What is 3db6 (base 15) in base 12?
7799
What is 102121 (base 4) in base 11?
980
308 (base 12) to base 15
1e5
110111111110100 (base 2) to base 6
340404
3332 (base 5) to base 2
111010011
347 (base 10) to base 14
1ab
What is 1159c (base 16) in base 11?
49438
Convert -5a6 (base 13) to base 4.
-33111
Convert 11e15 (base 16) to base 6.
1323021
Convert 93a7 (base 11) to base 12.
7263
What is -125134 (base 7) in base 5?
-1222043
Convert 221030 (base 4) to base 2.
101001001100
519 (base 11) to base 16
271
Convert -1000011111011000 (base 2) to base 4.
-20133120
What is 6fa (base 16) in base 4?
123322
Convert 5c80 (base 13) to base 7.
53146
-35203 (base 8) to base 10
-14979
-9a30 (base 11) to base 13
-6031
Convert -1550 (base 8) to base 7.
-2354
Convert cdd (base 15) to base 8.
5534
-14040 (base 6) to base 12
-1320
What is 4d (base 14) in base 8?
105
806 (base 11) to base 2
1111001110
What is 2115 (base 6) in base 14?
263
Convert -1b7 (base 12) to base 16.
-11b
What is 510 (base 11) in base 4?
21220
-297 (base 10) to base 16
-129
1254 (base 7) to base 12
340
-4434 (base 6) to base 7
-3001
Convert -60668 (base 9) to base 11.
-27a96
What is a0 (base 11) in base 16?
6e
38715 (base 9) to base 14
9720
What is -31003 (base 8) in base 16?
-3203
-232010 (base 5) to base 9
-12441
What is -100011101100 (base 2) in base 4?
-203230
-42010 (base 6) to base 9
-7636
Convert -3134 (base 6) to base 4.
-23002
Convert 2000333 (base 4) to base 13.
39b0
What is 4224 (base 6) in base 16?
3b8
-45456 (base 7) to base 11
-8756
-43 (base 6) to base 11
-25
Convert 101110011000 (base 2) to base 11.
2259
What is -177c (base 15) in base 16?
-13cb
-14b (base 15) to base 8
-450
-5063 (base 7) to base 11
-1360
20302 (base 4) to base 16
232
What is 126 (base 7) in base 11?
63
Convert 562 (base 11) to base 4.
22201
Convert -123131 (base 4) to base 10.
-1757
Convert -1509 (base 10) to base 12.
-a59
What is -209 (base 16) in base 9?
-638
727 (base 14) to base 3
1221010
Convert -1112322 (base 4) to base 6.
-41430
What is 116 (base 9) in base 8?
140
Convert a5b0 (base 14) to base 3.
1110012022
1123 (base 4) to base 3
10101
What is 202221111 (base 3) in base 13?
6c46
Convert 2353 (base 8) to base 14.
65d
Convert -1000110110001 (base 2) to base 10.
-4529
Convert 3aa2 (base 12) to base 16.
1a5a
-11131 (base 4) to base 10
-349
-503 (base 15) to base 2
-10001101000
2202 (base 6) to base 2
111111010
What is -22626 (base 7) in base 9?
-7856
-201340 (base 5) to base 11
-4952
What is -15384 (base 9) in base 16?
-291d
-1305 (base 9) to base 13
-5a2
Convert 2e5e (base 15) to base 6.
114125
12002001 (base 3) to base 9
5061
What is 475 (base 10) in base 13?
2a7
Convert 136a (base 12) to base 16.
8c2
Convert -3d2 (base 16) to base 14.
-4dc
-140b (base 15) to base 13
-1c49
What is 720c (base 15) in base 9?
36033
-3795 (base 11) to base 13
-2334
-202 (base 5) to base 14
-3a
What is 3123112 (base 4) in base 5?
422123
What is 139c (base 14) in base 6?
24022
Convert -59 (base 11) to base 13.
-4c
302 (base 6) to base 9
132
Convert 1042 (base 11) to base 2.
10101100001
What is 7400 (base 8) in base 4?
330000
373 (base 8) to base 5
2001
354153 (base 6) to base 9
46146
What is 10111010111 (base 2) in base 5?
21440
Convert -e1 (base 15) to base 5.
-1321
-3010 (base 9) to base 15
-9b6
8035 (base 12) to base 13
6407
What is 2e00 (base 15) in base 6?
113500
365a (base 13) to base 7
31251
What is 261 (base 10) in base 16?
105
-24417 (base 8) to base 4
-2210033
What is 1001011000 (base 2) in base 16?
258
Convert 13426 (base 9) to base 10.
9096
-103003 (base 8) to base 16
-8603
Convert 12200222 (base 3) to base 12.
24a5
21280 (base 9) to base 8
33405
What is -a5a (base 15) in base 4?
-210133
-3345 (base 7) to base 12
-849
13120 (base 4) to base 16
1d8
What is -3795 (base 11) in base 10?
-4944
What is 4aa6 (base 15) in base 11?
10a50
What is 10000020 (base 3) in base 4?
202101
-3a89 (base 12) to base 3
-100020020
847 (base 13) to base 4
112003
-1eb (base 15) to base 7
-1205
-1120022 (base 4) to base 5
-140032
2211021 (base 5) to base 10
38261
14107 (base 9) to base 8
22535
What is 2708 (base 12) in base 10?
4472
What is -20111200 (base 4) in base 8?
-102540